572 = -5*y. Let d = -14147 - -14164. Calculate the greatest common factor of d and y.
17
Let i = 3559 - 3334. What is the highest common divisor of i and 30?
15
Let o be 0/4 + 6 + -2. Let m be o + (-3 - -1 - -7). Let a be 1783/m - (-20)/(-180). What is the greatest common factor of 18 and a?
18
Let r = -93 + 95. Suppose 3*s - s = -4*k - 10, -s + 20 = -3*k. Suppose 0*q - s*m - 26 = -2*q, r*q - 18 = m. What is the greatest common factor of 88 and q?
8
Let b be 4 + (-4)/4*1. Suppose -b*i - 4*p = -25, -5*i + 27 = -0*i + 3*p. Suppose i*v = 34 + 23. Calculate the highest common factor of 38 and v.
19
Suppose -31 = -3*p - 5*i, -p = 4*i - 10 - 5. Let v(o) = o**2 + 7*o - 37. Let a be v(p). What is the greatest common factor of 671 and a?
61
Let i be (-2)/1 + 7*2. Let j(v) = v**2 - 148. Let x be j(0). Let t = -16 - x. What is the highest common factor of i and t?
12
Suppose 5*i + 2*z = 7*z - 325, -5*z + 124 = -2*i. Suppose -5*u - b + 0*b = -370, 302 = 4*u + 2*b. Let h = u + i. What is the highest common factor of 12 and h?
6
Suppose 0 = -3*u + 9, 6*l - 7*l = 5*u - 25. What is the greatest common divisor of 3065 and l?
5
Suppose -d = -2*d + 84. Let s = 84 + -139. Let h be (-124)/(-12) + s/(-33). What is the greatest common factor of h and d?
12
Suppose -7*a + 532 = 4*i - 3*a, 4*a = 3*i - 420. Calculate the highest common divisor of i and 2108.
68
Let v(c) = 120*c**2 + 58*c + 33. Let i be v(-5). What is the highest common divisor of 169 and i?
13
Let s = -378 - -488. Let y = 240 - 230. Calculate the highest common factor of y and s.
10
Let z be 9/4*(18/(-6) - -7). Let w be 66/(-1)*(-5 - -3). Suppose 0 = -7*c - 4*c + w. Calculate the highest common factor of z and c.
3
Let p = -10336 + 10436. Calculate the highest common divisor of 3150 and p.
50
Let p(w) = -10*w**2 - 75*w + 273. Let s be p(-10). Calculate the greatest common factor of s and 41.
1
Let n be -2 + -1 - (-542 + 2)/36. Let b = -87 - -35. Let y = n - b. What is the greatest common divisor of 8 and y?
8
Let q = 42 + -42. Let f(u) = -5*u + 258. Let n be f(q). Let g = -66 + n. Calculate the greatest common factor of 24 and g.
24
Let x(o) = 3*o + 30. Let y be x(12). Let m = -21 - -24. Suppose 4*l = m*l + y. What is the highest common factor of 33 and l?
33
Suppose 3*s + y - 41 = 0, -8*y + 61 = 3*s - 3*y. Let x = s - -1. What is the greatest common factor of 3 and x?
1
Let f be ((-61010)/200 - 1/5)/(3/(-8)). Calculate the highest common factor of 1036 and f.
74
Let v = 1757 - 1723. Calculate the greatest common divisor of 697 and v.
17
Let z be (-4*(-14)/(-4))/((-2)/8). Let w = z + -52. Let a be 3*23/12 + 1/w. Calculate the highest common factor of 54 and a.
6
Let m be ((-432)/84 + 4)*21/(-6). What is the highest common divisor of m and 3316?
4
Let u = -1708 + 1714. What is the greatest common factor of 12132 and u?
6
Suppose -35*g + 3*g + 751 = -593. What is the highest common divisor of g and 3738?
42
Let x(b) be the second derivative of b**4/4 + 26*b**3/3 + 8*b**2 - 70*b. Let k be x(-18). Calculate the greatest common factor of k and 26.
26
Let a = 1035 - -260. Suppose -2*v + a = 5*s, -4*v - 1295 = -6*s + s. Suppose 5*z = 5*u + 195, 10 = -3*u + 4. Calculate the highest common divisor of z and s.
37
Let o(q) = -q**3 + 5*q**2 + 22*q + 24. Let u be o(12). Let s = u - -2155. What is the highest common factor of 35 and s?
35
Let f(v) = 3*v**2 - 443*v - 2694. Let j be f(-6). What is the greatest common divisor of 4428 and j?
36
Suppose 55*d = 758 + 1937. Calculate the greatest common divisor of d and 41.
1
Let t = 4924 + -4906. Suppose 0 = -3*u - 0*u + 6. What is the highest common divisor of t and u?
2
Let k(o) be the second derivative of -7*o**3/2 + 3*o**2/2 - 3*o - 2. Let m be k(0). Calculate the highest common divisor of 15 and m.
3
Let k = -2743 - -2751. Suppose -3*i - 552 = -6*i. What is the highest common factor of i and k?
8
Let j(w) = -10*w**3 + 10*w**2 - 2*w - 1. Let k be j(2). Let y be ((-53)/3)/(2 + 93/k). What is the greatest common factor of y and 53?
53
Let t = -523 - -538. Let a be 1 - 6*t/(-10). What is the highest common factor of 165 and a?
5
Let k = 127 - 66. Suppose -a - k = 9*v - 12*v, v + 5*a - 47 = 0. Calculate the greatest common divisor of v and 121.
11
Let c = 27 - 27. Let q be (-2)/(-1) + (10 - -9) + c. What is the greatest common divisor of 6 and q?
3
Suppose b - 20*b = 10*b - 306153. What is the highest common divisor of 9 and b?
9
Suppose 174*j + 870 = 189*j. Calculate the highest common factor of j and 7424.
58
Let p = 5623 - 5611. Calculate the highest common divisor of p and 3468.
12
Let s be 13*-4*(46 - 47). Calculate the greatest common divisor of 377 and s.
13
Let q = 1858 + -1810. What is the greatest common factor of 1776 and q?
48
Suppose g + 4*g = 1540. Let t = 94 + -115. Let c be (36/27)/((-1)/t). What is the highest common factor of c and g?
28
Let t(x) = 4*x + 8. Let q be t(9). Suppose 0 = -5*f - r + 451, f - 221*r - 66 = -219*r. What is the greatest common factor of f and q?
44
Let r = -22 - -21. Let d be ((-6)/(-9))/((-85)/87 - r). Calculate the highest common factor of 261 and d.
29
Suppose -x - 4 = -26. Suppose -5*g = 2*o - 450, 2*g - 3*o + x = 221. Calculate the highest common factor of 69 and g.
23
Let b be (10/1 - -2) + -1. Let g = 19637 + -19230. What is the highest common divisor of b and g?
11
Suppose -6*d - 4523 + 5261 = -0*d. What is the highest common factor of 7913 and d?
41
Suppose -7*g + 8 = -9*g, 4*x = 5*g + 1684. What is the highest common divisor of x and 40?
8
Let p = -350 + 270. Let c be (2 - 14/10) + (-5552)/p. Calculate the greatest common divisor of c and 10.
10
Suppose 8*i = 43*i - 216265. What is the highest common factor of 74 and i?
37
Let u = -7507 + 7547. Calculate the highest common divisor of u and 23.
1
Let l be 20627/25 - (-598)/(-7475). Calculate the greatest common divisor of 132 and l.
33
Let p be (31/(-7) - -1)/((-57)/1596). Calculate the highest common factor of p and 1696.
32
Suppose 0 = -4*l - 59*z + 54*z + 59, -45 = -3*l - 3*z. What is the greatest common factor of l and 1480?
8
Let d(z) = -10*z**2 - 463*z - 130. Let p be d(-46). Let r(c) = -19*c + 13. Let i be r(-9). Calculate the highest common factor of i and p.
8
Let z be 2/4*(3 - 1)*(-906 + 1094). What is the highest common divisor of 13724 and z?
188
Let w = -2522 + 2693. What is the highest common factor of 333 and w?
9
Let q = -23 + 28. Let s = -1 + -1. Let d be 47 + -1*(s - -4). Calculate the highest common factor of d and q.
5
Let h(y) = -2*y**3 + y**2 - 20*y - 4. Let d be h(-24). Calculate the highest common factor of 35 and d.
35
Suppose -22*c + c + 18129 - 5298 = 0. What is the greatest common factor of 752 and c?
47
Suppose 12*c - 7*c + 2*i - 20468 = 0, 3*i - 8174 = -2*c. Calculate the highest common divisor of 128 and c.
128
Suppose 3*t - 598 = -2*k, 19*t = 14*t + 2*k + 1002. What is the highest common divisor of 5300 and t?
100
Suppose 14*v - 19*v + 923 = -2*t, -2*v - 7*t = -416. Calculate the highest common factor of 833 and v.
17
Let u = -17150 - -21105. Calculate the highest common factor of 315 and u.
35
Let h(l) = 2*l**2. Let c be h(-1). Let m be 2/(30/50*c/3). Suppose 6*o - 2*o + t = 61, m*t - 81 = -4*o. Calculate the highest common factor of o and 14.
14
Let s = 31 + -14. Let r(f) = -20*f + 1751. Let b be r(85). What is the highest common divisor of s and b?
17
Let c(f) = f**3 + 7*f**2 - 3*f + 3. Let t = -35 - -28. Let d be c(t). Let p(s) = 25*s + 264. Let i be p(0). What is the highest common factor of i and d?
24
Let q be (-3)/7 + (-229017)/(-2037). What is the highest common divisor of 3 and q?
1
Let u be 42488/24 - (7/1 - 40/6). What is the highest common divisor of 270 and u?
30
Suppose -113*v - 565 + 2938 = 0. Let f = 88 - 53. Calculate the highest common factor of f and v.
7
Suppose -4*y + 20 = 0, 5*d = 15*y - 14*y + 1700. Suppose -58 = -3*t + 35. Calculate the greatest common factor of t and d.
31
Suppose 7436*j = 7423*j + 12939 + 5664. Calculate the greatest common factor of j and 216.
27
Let s(t) = t**2 + 2*t + 2. Let n be s(-6). Let l = 14486 + -14460. Calculate the highest common factor of n and l.
26
Let a = -6896 - -6944. Calculate the greatest common factor of 4944 and a.
48
Let w = 24972 + -22236. Calculate the highest common